 is the remainder when 7502 is divided by 33?
11
Calculate the remainder when 6467 is divided by 542.
505
What is the remainder when 2843 is divided by 106?
87
Calculate the remainder when 6176 is divided by 1534.
40
Calculate the remainder when 459361 is divided by 647.
638
Calculate the remainder when 1663 is divided by 13.
12
Calculate the remainder when 247521 is divided by 25.
21
Calculate the remainder when 299 is divided by 31.
20
What is the remainder when 2054 is divided by 49?
45
What is the remainder when 19935 is divided by 30?
15
What is the remainder when 79522 is divided by 9930?
82
Calculate the remainder when 37322 is divided by 263.
239
What is the remainder when 57359 is divided by 4097?
1
What is the remainder when 823184 is divided by 45?
44
What is the remainder when 27067 is divided by 4?
3
Calculate the remainder when 61788 is divided by 31.
5
Calculate the remainder when 857463 is divided by 40.
23
What is the remainder when 12381 is divided by 5919?
543
Calculate the remainder when 3232 is divided by 248.
8
What is the remainder when 7745 is divided by 63?
59
Calculate the remainder when 1506 is divided by 96.
66
What is the remainder when 61058 is divided by 7631?
10
What is the remainder when 919 is divided by 214?
63
What is the remainder when 103845 is divided by 134?
129
Calculate the remainder when 138586 is divided by 525.
511
What is the remainder when 840 is divided by 347?
146
Calculate the remainder when 563228 is divided by 270.
8
What is the remainder when 889839 is divided by 1454?
1445
What is the remainder when 1097293 is divided by 432?
13
Calculate the remainder when 27532 is divided by 255.
247
What is the remainder when 29705 is divided by 691?
683
Calculate the remainder when 308758 is divided by 62.
60
What is the remainder when 5185817 is divided by 5?
2
What is the remainder when 87942 is divided by 43961?
20
What is the remainder when 699 is divided by 248?
203
Calculate the remainder when 479 is divided by 477.
2
Calculate the remainder when 4739 is divided by 1555.
74
Calculate the remainder when 41743 is divided by 20848.
47
What is the remainder when 2556 is divided by 2348?
208
Calculate the remainder when 10380 is divided by 5152.
76
What is the remainder when 1829014 is divided by 191?
189
Calculate the remainder when 11812 is divided by 44.
20
What is the remainder when 10792 is divided by 241?
188
What is the remainder when 125 is divided by 92?
33
Calculate the remainder when 72933 is divided by 2513.
56
Calculate the remainder when 15761 is divided by 2251.
4
What is the remainder when 7949 is divided by 71?
68
What is the remainder when 24423 is divided by 184?
135
Calculate the remainder when 2038 is divided by 82.
70
What is the remainder when 4551 is divided by 182?
1
Calculate the remainder when 364 is divided by 96.
76
What is the remainder when 8638 is divided by 576?
574
Calculate the remainder when 4613 is divided by 186.
149
What is the remainder when 43391 is divided by 96?
95
Calculate the remainder when 514 is divided by 447.
67
Calculate the remainder when 4632 is divided by 68.
8
What is the remainder when 828 is divided by 24?
12
Calculate the remainder when 22514 is divided by 134.
2
What is the remainder when 4767 is divided by 558?
303
Calculate the remainder when 493933 is divided by 17.
15
Calculate the remainder when 364534 is divided by 189.
142
What is the remainder when 13893 is divided by 331?
322
Calculate the remainder when 1062852 is divided by 62520.
12
Calculate the remainder when 152567 is divided by 104.
103
Calculate the remainder when 6133 is divided by 865.
78
What is the remainder when 15755 is divided by 86?
17
Calculate the remainder when 2506 is divided by 12.
10
Calculate the remainder when 2333 is divided by 687.
272
Calculate the remainder when 12923 is divided by 144.
107
What is the remainder when 11562 is divided by 252?
222
Calculate the remainder when 42807 is divided by 307.
134
What is the remainder when 6133047 is divided by 628?
627
Calculate the remainder when 188950 is divided by 6095.
5
What is the remainder when 715 is divided by 712?
3
What is the remainder when 30410 is divided by 15113?
184
What is the remainder when 10726 is divided by 2680?
6
What is the remainder when 600 is divided by 285?
30
Calculate the remainder when 1001 is divided by 241.
37
What is the remainder when 8762 is divided by 2910?
32
What is the remainder when 683010 is divided by 418?
416
Calculate the remainder when 29491 is divided by 1957.
136
What is the remainder when 77372 is divided by 15471?
17
What is the remainder when 7757 is divided by 550?
57
What is the remainder when 197 is divided by 172?
25
Calculate the remainder when 14944 is divided by 31.
2
What is the remainder when 236539 is divided by 950?
939
Calculate the remainder when 1104 is divided by 614.
490
What is the remainder when 34900 is divided by 172?
156
What is the remainder when 1882 is divided by 100?
82
What is the remainder when 27378 is divided by 2467?
241
Calculate the remainder when 2654 is divided by 380.
374
Calculate the remainder when 302097 is divided by 144.
129
Calculate the remainder when 1834463 is divided by 34.
27
What is the remainder when 19667 is divided by 207?
2
What is the remainder when 60337 is divided by 39?
4
Calculate the remainder when 9265 is divided by 80.
65
Calculate the remainder when 101064 is divided by 5319.
3
Calculate the remainder when 74151 is divided by 416.
103
What is the remainder when 79602 is divided by 357?
348
Calculate the remainder when 129813 is divided by 216.
213
What is the remainder when 4192 is divided by 171?
88
Calculate the remainder when 480356 is divided by 40.
36
Calculate the remainder when 2630117 is divided by 94.
91
Calculate the remainder when 1563617 is divided by 19.
12
What is the remainder when 2285134 is divided by 72?
70
What is the remainder when 46485 is divided by 5165?
0
What is the remainder when 14504 is divided by 4816?
56
Calculate the remainder when 6249 is divided by 39.
9
Calculate the remainder when 1993 is divided by 35.
33
What is the remainder when 9028 is divided by 525?
103
What is the remainder when 109353 is divided by 47?
31
What is the remainder when 125009 is divided by 45?
44
What is the remainder when 2012 is divided by 16?
12
Calculate the remainder when 1477268 is divided by 24.
20
Calculate the remainder when 99200 is divided by 775.
0
What is the remainder when 1988 is divided by 1672?
316
What is the remainder when 15132 is divided by 487?
35
What is the remainder when 5035 is divided by 295?
20
What is the remainder when 1606 is divided by 543?
520
Calculate the remainder when 3146 is divided by 5.
1
What is the remainder when 4659 is divided by 114?
99
What is the remainder when 4166 is divided by 685?
56
What is the remainder when 28104 is divided by 4677?
42
Calculate the remainder when 2234925 is divided by 303.
300
What is the remainder when 99043 is divided by 90?
43
What is the remainder when 2998 is divided by 247?
34
Calculate the remainder when 1007 is divided by 247.
19
Calculate the remainder when 490178 is divided by 71.
65
What is the remainder when 31215 is divided by 20?
15
What is the remainder when 10715 is divided by 1330?
75
Calculate the remainder when 44582 is divided by 5.
2
Calculate the remainder when 256679 is divided by 69.
68
What is the remainder when 545547 is divided by 60616?
3
Calculate the remainder when 1507 is divided by 134.
33
Calculate the remainder when 18990 is divided by 1116.
18
Calculate the remainder when 446831 is divided by 980.
931
What is the remainder when 4100 is divided by 818?
10
What is the remainder when 28117 is divided by 129?
124
Calculate the remainder when 22521 is divided by 22509.
12
What is the remainder when 9333 is divided by 119?
51
Calculate the remainder when 155184 is divided by 295.
14
What is the remainder when 62494 is divided by 553?
5
Calculate the remainder when 7236 is divided by 7233.
3
Calculate the remainder when 137961 is divided by 12.
9
What is the remainder when 22498 is divided by 149?
148
What is the remainder when 4336 is divided by 265?
96
Calculate the remainder when 1199795 is divi